NOAA-Style Climate Reports


Report for 2022
                            ANNUAL CLIMATOLOGICAL SUMMARY

NAME: meteo-molassana.info  CITY: Genova Molassana   STATE: Italy  
ELEV:    80 m  LAT:  44° 27' 11" N  LONG:   8° 58' 32" E

               TEMPERATURE (°C), HEAT BASE 18.3, COOL BASE 18.3
                          DEP.  HEAT  COOL                                          
        MEAN  MEAN        FROM  DEG   DEG                        MAX  MAX  MIN  MIN 
 YR MO  MAX   MIN   MEAN  NORM  DAYS  DAYS  HI  DATE  LOW  DATE  >=32 <=0  <=0  <=-18 
------------------------------------------------------------------------------------
 22  1  12.4   5.2   8.5   0.0   304     0  15.1  28   0.9   10    0    0    0    0
 22  2  13.9   5.7   9.8   0.0   238     0  18.9  22   2.1   27    0    0    0    0
 22  3  14.7   6.0  10.3   0.0   250     1  22.4  28   0.7    9    0    0    0    0
 22  4  18.0   8.4  13.3   0.0   162    11  25.6  16   3.8    4    0    0    0    0
 22  5  23.4  14.4  18.8   0.0    44    60  33.3  27   9.7    3    1    0    0    0
 22  6  28.7  18.8  23.8   0.0     2   168  34.3  27  15.2    2    2    0    0    0
 22  7  31.3  21.2  26.3   0.0     0   249  37.1  18  16.9    1   11    0    0    0
 22  8  30.3  20.3  25.2   0.0     0   214  33.8   9  17.7   21    9    0    0    0
 22  9  25.3  16.8  20.8   0.0    21    96  29.9   1  11.9   23    0    0    0    0
 22 10  23.2  13.6  17.7   0.0    11     7  25.1   3  11.6    1    0    0    0    0
 22 11
 22 12
------------------------------------------------------------------------------------
        22.1  13.0  17.5   0.0  1032   806  37.1 JUL   0.7  MAR   23    0    0    0

                                PRECIPITATION (mm)

               DEP.   MAX        DAYS OF RAIN 
               FROM   OBS.          OVER
 YR MO  TOTAL  NORM   DAY  DATE  .2   2   20
---------------------------------------------
 22  1  34.4    0.0  17.6    5    6    3    0
 22  2  32.2    0.0  15.0   14    9    4    0
 22  3  11.8    0.0   5.6   30    3    3    0
 22  4  54.6    0.0  28.4   24    7    6    1
 22  5  18.2    0.0   4.4   29    8    6    0
 22  6   7.2    0.0   5.4   28    4    1    0
 22  7   7.0    0.0   2.6   27    4    2    0
 22  8  90.4    0.0  37.4   18    9    5    2
 22  9 109.0    0.0  41.8   24    6    5    2
 22 10   0.0    0.0   0.0    1    0    0    0
 22 11
 22 12
---------------------------------------------
       364.8   0.0  41.8  SEP   56   35    5

                                WIND SPEED (kt)
                          DOM
 YR MO   AVG.  HI   DATE  DIR
---------------------------------
 22  1   3.2  38.3    5   NNE
 22  2   3.3  42.6   25   NNE
 22  3   3.5  30.4   14   NNE
 22  4   3.3  39.1    9   NNE
 22  5   3.6  28.7   29   NNE
 22  6   3.4  31.3   28   NNE
 22  7   3.6  27.0   27   NNE
 22  8   3.5  34.8   18   NNE
 22  9   3.0  39.1   17   NNE
 22 10   2.8  17.4    1   NNE
 22 11
 22 12
---------------------------------
         3.4  42.6  FEB  NNE