NOAA-Style Climate Reports


Report for 2024 Giugnio
                   MONTHLY CLIMATOLOGICAL SUMMARY for JUN. 2024

NAME: meteo-molassana.info   CITY: Genova Molassana   STATE: Italy 
ELEV:    80 m  LAT:  44° 27' 11" N  LONG:   8° 58' 32" E

                   TEMPERATURE (°C), RAIN  (mm), WIND SPEED (kt)

                                      HEAT  COOL        AVG
    MEAN                              DEG   DEG         WIND                 DOM
DAY TEMP  HIGH   TIME   LOW    TIME   DAYS  DAYS  RAIN  SPEED HIGH   TIME    DIR
------------------------------------------------------------------------------------
 1  17.4  22.1   18:40  11.1    6:05   2.1   1.3   0.0   3.6  17.4   15:00    SW
 2  17.2  21.4   18:55  14.1    5:45   1.6   0.5  11.4   2.3  10.4   11:00   NNE
 3  17.9  22.6   13:10  13.1    6:25   1.5   1.2   0.2   2.8  15.7    4:30    SW
 4  18.0  22.1   16:40  13.7    5:20   1.5   1.2   0.0   3.3  14.8   15:05    SW
 5  18.7  22.8   16:15  13.5    6:05   1.4   1.8   0.0   3.6  16.5   13:25    SW
 6  19.7  22.3   19:35  17.7   00:00   0.0   1.5   0.0   1.6  13.0   16:25    SW
 7  19.3  23.1   14:25  16.4    2:25   0.4   1.5   0.0   2.6  15.7   15:20    SW
 8  20.4  24.8   12:35  15.9    5:50   0.5   2.6   0.0   2.0   9.6   10:35   NNE
 9  21.8  27.6   14:45  17.5    6:05   0.1   3.6   9.2   2.0  21.7   11:30   NNE
10  20.0  22.9   10:10  16.1    6:30   0.3   2.0   0.2   3.0  16.5   18:45    SW
11  21.3  24.9   13:55  17.8    6:00   0.0   3.0   0.0   2.4  19.1   18:15    SW
12  20.6  24.2   12:20  17.2   00:00   0.0   2.3   0.0   3.0  19.1   17:05    SW
13  18.8  23.7   15:20  14.7    5:20   1.0   1.5   1.8   3.1  17.4   13:55    SW
14  18.2  21.1   13:25  14.0    3:50   1.1   0.9   1.2   2.9  17.4   11:40    SW
15  19.2  19.3    5:35  19.1    3:20   0.0   0.2   0.0   2.7  15.7    5:25    SW
16
17
18
19
20
21
22
23
24
25
26
27
28
29
30
-------------------------------------------------------------------------------------
    19.2  27.6     9    11.1     1    11.6  25.1  24.0   2.7  21.7     9      SW

Max >=  32.0:  0
Max <=   0.0:  0
Min <=   0.0:  0
Min <= -18.0:  0
Max Rain: 11.40 ON 02/06/24
Days of Rain: 6 (> .2 mm) 2 (> 2 mm) 0 (> 20 mm)
Heat Base:  18.3  Cool Base:  18.3  Method: Integration