NOAA-Style Climate Reports


Report for 2021 Novembre
                   MONTHLY CLIMATOLOGICAL SUMMARY for NOV. 2021

NAME: meteo-molassana.info   CITY: Genova Molassana   STATE: Italy 
ELEV:    80 m  LAT:  44° 27' 11" N  LONG:   8° 58' 32" E

                   TEMPERATURE (°C), RAIN  (mm), WIND SPEED (kt)

                                      HEAT  COOL        AVG
    MEAN                              DEG   DEG         WIND                 DOM
DAY TEMP  HIGH   TIME   LOW    TIME   DAYS  DAYS  RAIN  SPEED HIGH   TIME    DIR
------------------------------------------------------------------------------------
 1  11.5  12.9   21:05   9.1   00:00   6.8   0.0  40.8   6.9  30.4   12:45    NE
 2  13.9  19.3   12:35   8.4    1:45   4.4   0.0   0.0   2.4  12.2    0:15   NNE
 3  13.4  16.7    2:50  11.0   22:45   4.9   0.0  54.8   1.9  28.7   20:05   NNE
 4  11.3  15.0   13:20   8.2    7:35   6.9   0.0   3.8   2.8  20.9    4:40   NNE
 5  10.5  14.0   12:35   7.1    8:10   7.8   0.0   0.0   6.3  23.5   12:45    NE
 6  12.1  14.4   15:35   9.9    3:30   6.2   0.0   0.0   9.0  28.7    9:50    NE
 7  10.9  13.1   13:35   9.3    9:25   7.4   0.0   2.2  11.6  33.9   13:50    NE
 8  10.7  12.8   10:30   8.9   16:35   7.6   0.0   0.0   8.6  29.6   15:10    NE
 9  11.8  13.9   15:10  10.4   23:55   6.5   0.0   1.0  10.6  29.6   18:20    NE
10  11.1  12.2   19:45   9.8    3:35   7.2   0.0   3.4  11.0  32.2    7:35    NE
11  12.9  14.7   20:15  11.4    0:20   5.4   0.0   0.0   7.8  29.6   10:25    NE
12  13.9  19.7   12:30  10.7    6:35   4.4   0.1   0.0   2.8  16.5    0:35   NNE
13  12.7  13.8   14:15  11.7    0:55   5.6   0.0  99.0   2.1  26.1   14:35   NNE
14  12.3  13.4   14:55  11.5   22:55   6.0   0.0   8.6   1.6  14.8   19:25   ENE
15  13.7  17.4   14:35  11.4    7:30   4.6   0.0   6.2   3.6  19.1    9:50    NE
16  13.0  15.1   12:05  11.1   23:40   5.3   0.0   0.4   8.7  27.0   11:55    NE
17  11.7  12.6   12:45  10.3   19:30   6.6   0.0   0.0   7.6  26.1   10:25    NE
18  12.1  15.4   14:05   8.8    5:55   6.2   0.0   0.0   4.7  20.0    7:15    NE
19  11.7  18.1   14:15   8.3    6:55   6.6   0.0   0.0   2.6  11.3   12:05   NNE
20  12.4  17.2   13:35   8.7    6:05   5.9   0.0   0.2   2.3   8.7    2:40   NNE
21  14.3  16.4   12:25  11.8   23:25   4.0   0.0  13.8   2.4  16.5   14:00    SW
22  10.2  11.8    0:05   9.4    8:20   8.1   0.0   8.6   5.6  24.3   20:20    NE
23  11.2  13.1   11:40   9.7   00:00   7.1   0.0   0.0   8.1  27.0   22:25    NE
24  10.2  12.6   13:50   8.9    8:00   8.1   0.0   0.0   7.6  26.1   13:05    NE
25   6.2   9.1    0:05   4.0   13:15  12.1   0.0   9.4  10.6  33.0   13:10    NE
26   9.3  13.7   12:55   5.8    4:40   9.0   0.0   1.4   2.5  22.6    0:50    NE
27  10.8  13.7   11:45   6.3    8:30   7.5   0.0  16.2   3.6  35.7   20:35   NNE
28   7.8  10.7   13:05   5.5    5:40   5.8   0.0   0.2   3.4  19.1    6:35   NNE
29
30
-------------------------------------------------------------------------------------
    11.6  19.7    12     4.0    25   183.9   0.1 270.0   5.7  35.7    27      NE

Max >=  32.0:  0
Max <=   0.0:  0
Min <=   0.0:  0
Min <= -18.0:  0
Max Rain: 99.01 ON 13/11/21
Days of Rain: 17 (> .2 mm) 12 (> 2 mm) 3 (> 20 mm)
Heat Base:  18.3  Cool Base:  18.3  Method: Integration