NOAA-Style Climate Reports


Report for 2021 Giugnio
                   MONTHLY CLIMATOLOGICAL SUMMARY for JUN. 2021

NAME: meteo-molassana.info   CITY: Genova Molassana   STATE: Italy 
ELEV:    80 m  LAT:  44° 27' 11" N  LONG:   8° 58' 32" E

                   TEMPERATURE (°C), RAIN  (mm), WIND SPEED (kt)

                                      HEAT  COOL        AVG
    MEAN                              DEG   DEG         WIND                 DOM
DAY TEMP  HIGH   TIME   LOW    TIME   DAYS  DAYS  RAIN  SPEED HIGH   TIME    DIR
------------------------------------------------------------------------------------
 1  18.5  23.9   15:40  12.9    4:10   1.7   1.9   0.0   3.4  13.0   13:30   WSW
 2  18.6  24.0   14:05  14.2    2:05   1.2   1.4   0.0   2.5  10.4   15:30   NNE
 3  19.6  25.2   11:55  13.4    5:45   1.3   2.6   0.0   3.6  14.8   14:45   NNE
 4  20.1  25.0   11:15  14.2    6:00   1.0   2.8   0.0   3.5  13.9   12:10   NNE
 5  20.1  23.6   13:45  16.4    6:35   0.4   2.1   0.0   2.5  20.0   11:50   WSW
 6  20.8  24.8   16:30  17.8   00:00   0.0   2.5   0.0   1.9  12.2   15:40   WSW
 7  19.5  25.0   15:20  16.6    1:55   0.4   1.6   6.2   3.0  19.1   17:40   NNE
 8  20.3  25.4   15:25  17.3    0:40   0.1   2.2   2.4   4.8  27.0   15:50    NE
 9  21.5  28.6   13:00  16.0    5:55   0.5   3.7   0.0   3.8  21.7   13:55   NNE
10  22.2  28.2   18:25  17.1    5:55   0.1   4.0   0.0   3.5  15.7   14:25   NNE
11  21.9  27.4   14:35  16.7    5:00   0.2   3.9   0.0   3.2  13.0   13:05   NNE
12  22.7  28.1   17:10  17.6    4:10   0.1   4.5   0.0   3.4  12.2   12:50   WSW
13  22.3  26.6   15:20  16.7    5:10   0.2   4.2   0.0   2.9  13.0   15:55   WSW
14  20.8  25.8   10:10  18.5    6:20   0.0   1.2   0.0   2.4  11.3   11:00   NNE
15
16
17
18
19
20
21
22
23
24
25
26
27
28
29
30
-------------------------------------------------------------------------------------
    20.6  28.6     9    12.9     1     7.3  38.6   8.6   3.2  27.0     8     NNE

Max >=  32.0:  0
Max <=   0.0:  0
Min <=   0.0:  0
Min <= -18.0:  0
Max Rain: 6.20 ON 07/06/21
Days of Rain: 2 (> .2 mm) 2 (> 2 mm) 0 (> 20 mm)
Heat Base:  18.3  Cool Base:  18.3  Method: Integration