NOAA-Style Climate Reports


Report for 2021 Settembre
                   MONTHLY CLIMATOLOGICAL SUMMARY for SEP. 2021

NAME: meteo-molassana.info   CITY: Genova Molassana   STATE: Italy 
ELEV:    80 m  LAT:  44° 27' 11" N  LONG:   8° 58' 32" E

                   TEMPERATURE (°C), RAIN  (mm), WIND SPEED (kt)

                                      HEAT  COOL        AVG
    MEAN                              DEG   DEG         WIND                 DOM
DAY TEMP  HIGH   TIME   LOW    TIME   DAYS  DAYS  RAIN  SPEED HIGH   TIME    DIR
------------------------------------------------------------------------------------
 1  21.9  27.7   12:20  16.2    7:00   0.4   3.9   0.0   3.5  13.9   13:35   NNE
 2  22.9  29.1   14:25  17.7    7:10   0.0   4.6   0.0   3.4  13.9   15:00   NNE
 3  22.9  28.6   14:10  19.5    5:50   0.0   4.7   0.0   3.0  13.9   12:55   NNE
 4  22.4  28.3   13:25  16.9    7:25   0.1   4.1   0.0   3.4  18.3    6:10   WSW
 5  22.7  28.1   16:35  17.2    4:00   0.1   4.4   0.0   3.1  12.2   14:20   NNE
 6  23.6  30.2   16:15  19.2    4:55   0.0   5.3   0.0   3.6  24.3    9:30   NNE
 7  22.7  27.7   14:15  18.2    6:55   0.0   4.4   0.0   3.3  13.9   13:40   NNE
 8  22.8  27.9   11:45  17.8    7:00   0.0   4.5   0.0   2.9  13.0   12:40   NNE
 9  22.7  27.5   15:30  18.3    6:55   0.0   4.4   0.0   3.0  13.9   13:15   NNE
10  22.4  29.2   17:30  17.1    7:30   0.1   4.2   0.0   3.1  12.2   12:55   NNE
11  23.1  28.7   13:10  19.2    7:25   0.0   4.8   0.0   2.8  12.2   13:25   NNE
12  22.4  27.8   14:40  18.0    3:20   0.0   4.1   0.0   3.4  13.9   14:45   WSW
13  21.7  26.2   13:50  17.2    5:40   0.1   3.5   0.0   3.2  16.5   15:10   NNE
14  21.9  24.9   12:10  18.2    3:40   0.0   3.7   0.0   3.0  13.9   11:55   WSW
15  22.6  26.0   14:35  18.9    6:25   0.0   4.2   0.0   2.8  18.3   17:35   WSW
16  24.0  26.4   14:00  20.9    9:15   0.0   5.7   0.0   2.4  21.7    6:10   WSW
17  22.4  26.8   11:00  19.3    7:10   0.0   4.2   2.4   2.8  16.5   14:00    SW
18  21.7  26.3   13:55  18.4    3:10   0.0   2.7  17.6   1.8  18.3   14:10   NNE
19  21.1  23.6   11:55  16.9   23:45   0.1   2.1   0.0   2.6  22.6   11:45   NNE
20  19.3  23.7   13:35  14.2    7:30   0.6   1.5   0.0   3.0  15.7   13:40   NNE
21  19.4  24.2   17:30  15.4    4:20   0.6   1.8   0.0   5.0  22.6    5:05    NE
22  19.7  26.0   15:20  14.2    6:45   1.1   2.4   0.0   3.3  20.0    0:20    NE
23  19.4  24.3   12:10  14.2    7:40   0.8   2.0   0.0   3.7  21.7    3:00    NE
24  19.2  24.0   17:15  13.8    7:10   1.2   2.2   0.0   3.3  17.4   13:55   NNE
25  21.6  25.0   14:30  17.7    7:50   0.0   3.3   0.0   2.3  10.4   12:10   NNE
26  19.3  21.4    0:35  16.9   00:00   0.1   1.1 134.8   3.9  27.0   14:30    NE
27  15.9  17.4    9:15  14.8    6:15   0.9   0.0   0.0   3.8   9.6    1:20   NNE
28
29
30
-------------------------------------------------------------------------------------
    21.5  30.2     6    13.8    24     6.2  93.9 154.8   3.2  27.0    26     NNE

Max >=  32.0:  0
Max <=   0.0:  0
Min <=   0.0:  0
Min <= -18.0:  0
Max Rain: 134.80 ON 26/09/21
Days of Rain: 3 (> .2 mm) 3 (> 2 mm) 1 (> 20 mm)
Heat Base:  18.3  Cool Base:  18.3  Method: Integration