NOAA-Style Climate Reports


Report for 2021 Aprile
                   MONTHLY CLIMATOLOGICAL SUMMARY for APR. 2021

NAME: meteo-molassana.info   CITY: Genova Molassana   STATE: Italy 
ELEV:    80 m  LAT:  44° 27' 11" N  LONG:   8° 58' 32" E

                   TEMPERATURE (°C), RAIN  (mm), WIND SPEED (kt)

                                      HEAT  COOL        AVG
    MEAN                              DEG   DEG         WIND                 DOM
DAY TEMP  HIGH   TIME   LOW    TIME   DAYS  DAYS  RAIN  SPEED HIGH   TIME    DIR
------------------------------------------------------------------------------------
 1  14.6  19.5   16:30   9.6    2:20   2.7   0.1   0.0   1.7  10.4   15:45   WSW
 2  12.9  16.8   13:10   8.4    6:45   5.3   0.0   0.0   3.4  19.1   14:55   WSW
 3  13.3  17.8   14:00   8.7    7:15   4.9   0.0   0.4   2.3  13.0   15:15   NNE
 4  12.9  18.1   15:05   8.8    7:15   5.4   0.0   0.0   3.4  16.5    9:40   NNE
 5  11.6  15.1   12:25   7.2    7:30   6.7   0.0   0.0   3.2  17.4   14:25   NNE
 6  12.9  16.6   15:55   7.1   23:35   5.4   0.0   0.0   5.0  33.0   14:00     E
 7   7.9  11.9   17:00   4.2   00:00  10.3   0.0   0.0   5.9  30.4   12:45    NE
 8   8.7  13.6   14:20   1.9    6:00   9.6   0.0   0.0   4.0  22.6   14:10   WSW
 9  11.7  14.2   14:35   7.7   23:50   6.6   0.0   0.2   3.6  24.3   15:10   WSW
10  10.7  14.3   16:05   7.5    0:55   7.6   0.0  23.6   1.4  14.8   14:10   NNE
11  10.2  12.3   18:00   8.3    5:00   8.1   0.0  40.8   8.0  32.2   12:00   NNE
12  11.7  13.8   17:10  10.6   11:25   6.6   0.0  14.2   2.3  15.7    3:50    NE
13  12.0  15.7   18:25   7.4   23:55   6.3   0.0   0.0   5.3  22.6   15:25   NNE
14   9.3  13.8   17:45   4.4    5:30   9.0   0.0   0.0   2.5  13.0   13:40   NNE
15   9.9  12.6   14:05   6.7    7:15   8.4   0.0   0.0   3.2  16.5   20:00   NNE
16   8.1   8.4    0:05   7.7    4:50   2.3   0.0   0.0   5.5  16.5    2:45    NE
17
18
19
20
21
22
23
24
25
26
27
28
29
30
-------------------------------------------------------------------------------------
    11.2  19.5     1     1.9     8   105.2   0.1  79.2   3.8  33.0     6     NNE

Max >=  32.0:  0
Max <=   0.0:  0
Min <=   0.0:  0
Min <= -18.0:  0
Max Rain: 40.79 ON 11/04/21
Days of Rain: 5 (> .2 mm) 3 (> 2 mm) 2 (> 20 mm)
Heat Base:  18.3  Cool Base:  18.3  Method: Integration