NOAA-Style Climate Reports
Select a Year or Month report
2024: Gen Feb Mar Apr Mag Giu Lug Ago Set Ott Nov Dic
2023: Gen Feb Mar Apr Mag Giu Lug Ago Set Ott Nov Dic
2022: Gen Feb Mar Apr Mag Giu Lug Ago Set Ott Nov Dic
2021: Gen Feb Mar Apr Mag Giu Lug Ago Set Ott Nov Dic
2020: Gen Feb Mar Apr Mag Giu Lug Ago Set Ott Nov Dic
2019: Gen Feb Mar Apr Mag Giu Lug Ago Set Ott Nov Dic
2018: Gen Feb Mar Apr Mag Giu Lug Ago Set Ott Nov Dic
2017: Gen Feb Mar Apr Mag Giu Lug Ago Set Ott Nov Dic
2016: Gen Feb Mar Apr Mag Giu Lug Ago Set Ott Nov Dic
2024: Gen Feb Mar Apr Mag Giu Lug Ago Set Ott Nov Dic
2023: Gen Feb Mar Apr Mag Giu Lug Ago Set Ott Nov Dic
2022: Gen Feb Mar Apr Mag Giu Lug Ago Set Ott Nov Dic
2021: Gen Feb Mar Apr Mag Giu Lug Ago Set Ott Nov Dic
2020: Gen Feb Mar Apr Mag Giu Lug Ago Set Ott Nov Dic
2019: Gen Feb Mar Apr Mag Giu Lug Ago Set Ott Nov Dic
2018: Gen Feb Mar Apr Mag Giu Lug Ago Set Ott Nov Dic
2017: Gen Feb Mar Apr Mag Giu Lug Ago Set Ott Nov Dic
2016: Gen Feb Mar Apr Mag Giu Lug Ago Set Ott Nov Dic
Report for 2024 Marzo
MONTHLY CLIMATOLOGICAL SUMMARY for MAR. 2024 NAME: meteo-molassana.info CITY: Genova Molassana STATE: Italy ELEV: 80 m LAT: 44° 27' 11" N LONG: 8° 58' 32" E TEMPERATURE (°C), RAIN (mm), WIND SPEED (kt) HEAT COOL AVG MEAN DEG DEG WIND DOM DAY TEMP HIGH TIME LOW TIME DAYS DAYS RAIN SPEED HIGH TIME DIR ------------------------------------------------------------------------------------ 1 11.8 12.8 0:15 10.7 23:40 6.5 0.0 7.4 5.0 19.1 19:50 NE 2 11.8 14.2 13:20 9.4 3:55 6.5 0.0 2.6 2.9 27.8 00:00 SW 3 11.2 14.1 12:50 5.9 21:30 7.2 0.0 56.2 4.1 26.1 0:10 SW 4 9.8 13.7 15:05 6.9 0:05 8.5 0.0 1.0 3.7 20.0 8:00 NNE 5 10.9 15.2 14:05 6.9 23:50 7.3 0.0 3.8 3.2 20.9 14:20 SW 6 8.4 13.1 14:25 5.8 7:30 9.9 0.0 6.4 3.0 20.0 0:35 NNE 7 8.9 13.9 12:25 4.3 6:50 9.4 0.0 0.0 2.9 12.2 13:10 SW 8 9.1 13.2 12:40 4.9 7:30 9.2 0.0 11.6 2.6 17.4 18:10 NNE 9 9.1 12.8 23:50 7.4 2:45 9.2 0.0 12.4 3.3 21.7 23:30 NE 10 11.4 13.9 6:00 8.1 11:15 6.9 0.0 85.0 2.4 27.0 7:20 SW 11 10.0 13.0 15:20 6.5 5:35 8.3 0.0 0.0 2.3 15.7 0:05 NNE 12 10.7 16.7 16:10 5.5 5:15 7.6 0.0 0.0 2.8 12.2 13:40 SW 13 11.6 15.8 15:20 6.4 4:55 6.7 0.0 0.0 2.1 12.2 13:15 SW 14 12.3 15.6 15:05 8.9 5:35 6.0 0.0 0.0 2.3 13.0 14:25 SW 15 11.7 12.7 17:35 10.4 7:00 6.6 0.0 1.2 0.4 7.0 12:55 N 16 13.1 17.5 14:55 10.3 23:35 5.3 0.0 0.0 1.7 12.2 13:35 SW 17 12.4 15.7 12:55 8.5 7:00 5.9 0.0 0.2 2.0 15.7 16:20 SW 18 12.8 14.8 14:55 11.2 23:50 5.5 0.0 1.6 0.7 7.8 15:50 SW 19 9.9 11.2 0:05 9.3 4:00 2.1 0.0 0.0 3.0 8.7 3:00 NNW 20 21 22 23 24 25 26 27 28 29 30 31 ------------------------------------------------------------------------------------- 10.9 17.5 16 4.3 7 134.5 0.0 189.4 2.6 27.8 2 SW Max >= 32.0: 0 Max <= 0.0: 0 Min <= 0.0: 0 Min <= -18.0: 0 Max Rain: 84.99 ON 10/03/24 Days of Rain: 12 (> .2 mm) 8 (> 2 mm) 2 (> 20 mm) Heat Base: 18.3 Cool Base: 18.3 Method: Integration