NOAA-Style Climate Reports


Report for 2022 Maggio
                   MONTHLY CLIMATOLOGICAL SUMMARY for MAY. 2022

NAME: meteo-molassana.info   CITY: Genova Molassana   STATE: Italy 
ELEV:    80 m  LAT:  44° 27' 11" N  LONG:   8° 58' 32" E

                   TEMPERATURE (°C), RAIN  (mm), WIND SPEED (kt)

                                      HEAT  COOL        AVG
    MEAN                              DEG   DEG         WIND                 DOM
DAY TEMP  HIGH   TIME   LOW    TIME   DAYS  DAYS  RAIN  SPEED HIGH   TIME    DIR
------------------------------------------------------------------------------------
 1  15.1  20.2   10:55  11.4   23:55   3.4   0.2   2.0   2.6  17.4   11:50    NE
 2  15.6  21.4   11:35   9.9    7:00   3.5   0.7   0.0   3.3  13.9   13:10   NNE
 3  15.8  21.5   14:25   9.7    4:05   3.2   0.7   0.0   3.2  22.6   20:10   NNE
 4  15.8  20.6   14:50  11.0    5:55   2.8   0.4   0.0   3.4  15.7   17:40   NNE
 5  14.3  17.1   11:50  12.2    6:15   4.0   0.0   3.4   1.4   9.6   23:40   NNE
 6  15.1  17.6   16:45  13.3    0:40   3.2   0.0   2.2   4.8  19.1    9:20    NE
 7  16.9  21.2   17:25  13.9    5:10   2.0   0.6   0.4   6.3  20.9    3:05    NE
 8  18.9  23.3   16:00  15.7    6:10   0.8   1.4   0.0   5.0  17.4    7:15    NE
 9  18.6  23.9   14:30  14.1    7:05   1.2   1.4   3.0   5.0  24.3    2:35   NNE
10  18.6  24.6   11:15  12.9    3:50   1.9   2.1   0.0   3.1  13.0   12:45   NNE
11  17.1  21.7   16:40  12.1    5:55   2.1   0.9   0.0   3.0  16.5   17:45   NNE
12  17.2  20.7   13:15  13.1    6:30   1.8   0.7   0.0   3.7  26.1   14:55    SW
13  16.9  20.6   14:20  12.3    6:35   2.0   0.6   0.0   3.5  20.9   15:30   WSW
14  17.3  21.2   10:30  12.4    6:30   1.9   0.9   0.0   3.1  15.7   16:05   NNE
15  18.1  22.8   17:35  13.3    6:25   1.5   1.2   0.0   2.3  13.0   16:05   WSW
16  18.4  22.6   13:10  13.1    5:40   1.4   1.6   0.0   3.3  14.8   15:05   NNE
17  19.2  23.7   18:55  13.9    5:50   1.3   2.1   0.0   2.8  13.0   14:40   NNE
18  20.7  28.1   17:50  14.9    5:00   0.9   3.3   0.2   3.3  17.4   15:20   NNE
19  21.9  28.4   14:05  16.4    6:10   0.2   3.9   0.0   4.1  18.3    8:30   NNE
20  20.1  23.9   10:10  15.6    5:30   0.5   2.2   0.0   4.5  21.7   15:05   NNE
21  16.3  18.2    8:15  14.9    6:20   0.7   0.0   0.0   1.7   5.2    1:05   NNE
22
23
24
25
26
27
28
29
30
31
-------------------------------------------------------------------------------------
    17.5  28.4    19     9.7     3    40.1  25.0  11.2   3.5  26.1    12     NNE

Max >=  32.0:  0
Max <=   0.0:  0
Min <=   0.0:  0
Min <= -18.0:  0
Max Rain: 3.40 ON 05/05/22
Days of Rain: 6 (> .2 mm) 4 (> 2 mm) 0 (> 20 mm)
Heat Base:  18.3  Cool Base:  18.3  Method: Integration