NOAA-Style Climate Reports


Report for 2021
                            ANNUAL CLIMATOLOGICAL SUMMARY

NAME: meteo-molassana.info  CITY: Genova Molassana   STATE: Italy  
ELEV:    80 m  LAT:  44° 27' 11" N  LONG:   8° 58' 32" E

               TEMPERATURE (°C), HEAT BASE 18.3, COOL BASE 18.3
                          DEP.  HEAT  COOL                                          
        MEAN  MEAN        FROM  DEG   DEG                        MAX  MAX  MIN  MIN 
 YR MO  MAX   MIN   MEAN  NORM  DAYS  DAYS  HI  DATE  LOW  DATE  >=32 <=0  <=0  <=-18 
------------------------------------------------------------------------------------
 21  1   9.8   3.2   6.2   0.0   374     0  15.2  29   0.3   12    0    0    0    0
 21  2  13.4   6.8  10.0   0.0   232     0  21.7  24  -1.2   15    0    0    2    0
 21  3  15.4   6.3  10.8   0.0   234     2  23.1  31   0.8   21    0    0    0    0
 21  4  16.1   8.1  12.1   0.0   185     2  20.8  24   1.9    8    0    0    0    0
 21  5  20.1  11.6  15.8   0.0    92    14  25.2  30   7.1    4    0    0    0    0
 21  6  26.9  17.5  22.2   0.0     8   124  32.5  28  12.9    1    1    0    0    0
 21  7  27.9  19.2  23.6   0.0     1   165  33.9  18  15.8   10    2    0    0    0
 21  8  28.7  19.6  24.1   0.0     1   180  36.1  13  15.7   30    6    0    0    0
 21  9  26.3  17.1  21.5   0.0     8   103  30.2   6  13.8   24    0    0    0    0
 21 10  20.0  12.0  15.7   0.0    79    14  24.6   2   7.0   26    0    0    0    0
 21 11
 21 12
------------------------------------------------------------------------------------
        20.5  12.2  16.3   0.0  1214   605  36.1 AUG  -1.2  FEB    9    0    2    0

                                PRECIPITATION (mm)

               DEP.   MAX        DAYS OF RAIN 
               FROM   OBS.          OVER
 YR MO  TOTAL  NORM   DAY  DATE  .2   2   20
---------------------------------------------
 21  1 203.4    0.0  92.8   22   14   10    3
 21  2  76.0    0.0  28.6   10   10    7    1
 21  3  31.4    0.0  23.6    5    6    2    1
 21  4  99.6    0.0  40.8   11   14    7    2
 21  5  85.0    0.0  33.2   11   13    5    2
 21  6   8.6    0.0   6.2    7    2    2    0
 21  7   4.8    0.0   3.2    4    3    1    0
 21  8  19.8    0.0  14.6   23    6    2    0
 21  9 154.8    0.0 134.8   26    3    3    1
 21 10 157.6    0.0 106.8    3    6    5    2
 21 11
 21 12
---------------------------------------------
       841.0   0.0 134.8  SEP   77   44   12

                                WIND SPEED (kt)
                          DOM
 YR MO   AVG.  HI   DATE  DIR
---------------------------------
 21  1   4.0  34.8   15   NNE
 21  2   3.6  33.9   13   NNE
 21  3   3.4  40.0   16   NNE
 21  4   3.6  33.0    6   NNE
 21  5   3.1  23.5    2   WSW
 21  6   3.2  27.0    8   WSW
 21  7   3.3  23.5   13   WSW
 21  8   3.4  24.3    7   WSW
 21  9   3.2  27.0   26   NNE
 21 10   4.1  37.4    4   NNE
 21 11
 21 12
---------------------------------
         3.5  40.0  MAR  NNE